 - 23*k - 43. Let h(o) = 4*a(o) - 9*j(o). Suppose -23*f = -19*f + 24. Calculate h(f).
5
Let t(j) be the first derivative of j**5/60 + j**4/4 - 7*j**3/6 + 4*j**2 + 4*j - 80. Let y(q) be the second derivative of t(q). Calculate y(-6).
-7
Let g(q) = -10*q**3 - 8*q**2 + 2*q + 6. Let y(r) = 30*r**3 + 26*r**2 - 7*r - 18. Let a(p) = -7*g(p) - 2*y(p). Give a(-2).
-70
Let a(r) = 4*r + 100. Suppose 36*l + 154 = -96 - 686. Calculate a(l).
-4
Let i(a) = -6*a**2 - 271*a + 216. Let g be i(-46). Let n(f) = 2*f**2 + 23*f - 18. Give n(g).
52
Let v be (1 - (-5 - -3))/1. Let q = -8 - -13. Let x(o) = -5*o**2 - 5 + 2*o**2 - 4*o - v*o**2 + q*o**2. Give x(-5).
-10
Let x(w) be the first derivative of w**3/3 - 9*w**2 + 30*w + 1824. What is x(19)?
49
Let m = 4 + 0. Let k(x) = 2*x**3 - 3*x**2 + 4*x - 2. Let s be k(1). Suppose -d = -m - s. Let p(a) = a**2 - 2*a - 1. What is p(d)?
14
Suppose -287*i - 26 = -289*i. Let u(q) = 12*q**2 + 2 + 3 - 6*q - i*q**2 - 1. Give u(4).
-36
Let v(j) = -2*j + 1171285*j**2 + 2*j - 1 - 1171162*j**2. Determine v(1).
122
Let v be (15/(-9))/((-2275)/273) + 18/10. Let k(m) be the first derivative of -v*m - 30 - 1/2*m**2. Determine k(3).
-5
Let p(s) be the second derivative of 50*s - 2 + 0*s**2 + 1/6*s**4 + 0*s**3. Let v be 3/(-4) + (-1)/4. Give p(v).
2
Let m(r) be the first derivative of r**3/3 - 4*r**2 + 2*r - 4. Let s be m(7). Let p(v) = 0*v**2 - 18 - v**2 - 6*v + 19. Give p(s).
6
Let v(g) = g**2 + 15*g - 9. Let s be v(-17). Suppose -3*t + 5*u = 3, 0 = -3*t - s*u + 29*u - 3. Let p(a) = 3*a**3 + a**2 - 1. Calculate p(t).
-3
Let g be 6/(-27) + 2/((-126)/175). Let y(o) = -o**3 + 2 - 4*o + 3*o - 2*o - 5*o**2. Calculate y(g).
-7
Let u = 25 + -25. Suppose 4*l - 11*l + 14 = u. Suppose 6 = -2*r - 2*t, -2*r = -0*r - l*t - 2. Let a(f) = -f**2 + f. Determine a(r).
-2
Let u(g) = g**3 + g**2 - 4*g + 1. Let v = -129 + -61. Let c = 187 + v. What is u(c)?
-5
Let h = -21 - -14. Let w(z) = 11*z**2 - 4*z + 11. Let b(s) = -6 + 10*s**2 - 4*s + 9 + 3*s**2 + 9. Let g(o) = -6*b(o) + 7*w(o). Determine g(h).
-16
Let f(x) = -5*x**3 + 40 - 8*x**3 - 9*x**2 + 4*x - 36. Let i(r) = 2*r**3 + 2*r**2 - r - 1. Let m(s) = f(s) + 4*i(s). Determine m(1).
-6
Let j(y) = 6*y - 271 + 294 + 3*y. Let s be j(-3). Let z(b) = -b**2 - 5*b - 1. Give z(s).
3
Let o = -9 - 82. Suppose 0 = 4*i - 14*c + 10*c - 348, -3*c = 15. Let y = i + o. Let b(w) = w**3 + 10*w**2 + 11*w + 11. Determine b(y).
-7
Let x(m) be the second derivative of 2/3*m**3 - 46*m + 0*m**4 + 3/20*m**5 + 0 + 3/2*m**2. Calculate x(-2).
-29
Suppose 5*h - 12 = h. Let b(a) = 2 + 2*a + 3*a**2 + h*a**2 - 5*a**2 - 4*a. Suppose 5*o = -11 + 1, -15 = -5*n - 5*o. Give b(n).
17
Let i(m) be the first derivative of -m**3/3 - 9*m**2/2 + 5*m + 2. Let x(s) = 5*s**2 - 50*s + 119. Let n be x(5). Calculate i(n).
23
Suppose -3*m - c + 9 = 0, 5*m = -c + 24 - 11. Let q(u) = 4*u**3 - m*u**2 + 14*u**3 + u - 2*u**2 + 9 + u - 19*u**3. Give q(-4).
1
Let g(n) = n**2 + 9*n - 20. Let j be g(-11). Let v be 11*(j/3)/(20/30). Let r be (v + -18)*4/14. Let h(a) = -a**2 + 2*a - 1. Determine h(r).
-9
Let y = 74 + -67. Let i(u) = -2*u - y*u**2 - u**3 - u - 1422 + 1414. Give i(-6).
-26
Let k(j) = -5*j - 3*j - 145 - 154 + 271 + 11*j. Give k(7).
-7
Let z(i) = 5*i - 1. Let u(h) = -h. Suppose -3*b - 5 = -8*b. Let j(g) = b*z(g) - 4*u(g). Let a be 27*((-200)/(-3600))/((-6)/(-4)). Determine j(a).
8
Suppose 0 = -5*q + 2*s - 5, 2*q - 5*s - 1 = 18. Let n(z) be the second derivative of -7*z**3/6 + z**2 - 1052*z. Give n(q).
23
Let r(w) = 23 + 441*w**2 - 926*w**2 + 11*w + 484*w**2. Give r(16).
-57
Let y(h) = 1 - 75*h**3 + 2*h - 60*h**3 + 151*h**3. Give y(-1).
-17
Let w(h) = 4895 - 8*h - 2447 - 2446 + 2*h**2. Suppose -5*b = 4*z - 8, 0 = b - 5*z - 19 - 0. Give w(b).
2
Let r(s) = 5*s**2 + 79*s - 8. Let g(b) = 13*b - 1. Let w(t) = -6*g(t) + r(t). Give w(2).
20
Let n(t) = 1 - 4 - 2*t**3 - t**3 - 4*t + 0*t**2 - 2*t**3 + 8*t**2. Let h(f) = f**3 - f. Let o(d) = -4*h(d) - n(d). Determine o(7).
10
Let s(n) = -n**2 - 3. Let z = 119 - 122. Let d be ((-8)/96 - z/4)*6. Calculate s(d).
-19
Let d(p) = p**3 - 3*p**2 - 4*p + 2. Suppose 6*y - 2*y + 4 = 0, 5*y + 17 = 3*k. Let c be d(k). Let b(a) = -71*a**2 + c*a + 70*a**2 + 4*a - 3*a. What is b(4)?
-4
Let t(i) = i + 20. Suppose 22*d = 12*d - 150. Let o be t(d). Let c(z) = -z**2 + 6*z - 5. What is c(o)?
0
Suppose -5*j - 5 = 2*b, -20 = b + 3*b. Let u(d) = j - 4 - 2 + d. Suppose -c - 18*c = -90 - 24. What is u(c)?
1
Let g(q) = -591*q + 6 - 587*q - 2 + 1157*q. What is g(-2)?
46
Let l(p) be the third derivative of 0*p - 38*p**2 - 3/2*p**3 + 1/12*p**4 + 0. What is l(7)?
5
Let w(u) = 6*u**2 - 404*u - 1. Let c(m) = -m**2 + 82*m. Let j(v) = -5*c(v) - w(v). What is j(-2)?
9
Suppose 7 = y - 0*k - 3*k, 2*y - k = 9. Let t(b) = 4*b - 26. Let a be t(7). Let h(w) = 6*w**3 - 5*w**3 + 5*w - 3*w**3 + 3*w**3 - 6*w**a. Give h(y).
-12
Let u(g) = g + 2. Let f(o) = -2*o - 4. Let m(k) = 3*f(k) + 7*u(k). Let q(d) = 45*d**3 - 3*d**2 + 5*d - 3. Let w be q(1). Let z = -46 + w. Give m(z).
0
Let w = 19 - 14. Suppose -1 - 14 = w*g. Let z(u) = -u - 13. Let h(v) = 2*v + 25. Let l(y) = -6*h(y) - 11*z(y). Give l(g).
-4
Suppose -16*w - 3*w - 13 = -6*w. Let a(q) = q + 5. Calculate a(w).
4
Let q(i) be the third derivative of -i**4/4 - 2*i**3 + i**2 + 424*i. Determine q(-4).
12
Suppose 89*o - 187 = 169. Let f(g) = 16*g - 57. Calculate f(o).
7
Let x(j) = -j**2 + j - 1. Let r(c) = -3*c**2 + 4*c - 8. Let l(y) = r(y) - 6*x(y). Suppose 4*u - 15 = 7*u. Let z = u - -7. Determine l(z).
6
Let p(b) = -b + 14. Suppose 5*k + 3 - 31 = 2*l, 5*k = -3*l + 33. Let h(x) = -4. Let u(y) = k*h(y) + p(y). Give u(-9).
-1
Let f(a) = -19*a - 14. Let m(r) = -86*r - 70. Let z(u) = 14*f(u) - 3*m(u). Give z(-7).
70
Let n(s) be the second derivative of -5*s**3/6 - 3*s**2/2 - s + 2560. Suppose -b = -2*b + 2. Suppose 0 = 3*x + x + d + 16, -14 = b*x + 2*d. What is n(x)?
12
Suppose 5*g - 282 = -2*n + 43, -5*n - 130 = -2*g. Let f be (-66)/5 - (-12 - 1)/g. Let p(r) = r**2 + 12*r - 8. What is p(f)?
5
Let k(y) = -y + 8. Suppose -23 = -11*d - 1. Suppose 3*t = 4*l + 9 + 22, d*t = -4*l + 54. Suppose t - 2 = 2*n - 3*z, 0 = -5*n - 2*z + 28. Give k(n).
2
Let b(c) = -c**2 + 24 - 2*c + 2*c - c. Let x = 16377 - 16377. Give b(x).
24
Let r = -4111 - -4111. Let c(z) be the first derivative of -2/3*z**3 + z + r*z**2 - 2. Calculate c(1).
-1
Let p(g) = g**3 - g**2 + g - 20. Suppose 0 = -5*k - 5*j + 2*j - 20, -15 = -5*k + 4*j. Let z be (-3 - 21/(-7))/k. What is p(z)?
-20
Let v be 358/6 - (-7)/(6 + 15). Let o = -56 + v. Suppose -5*q - 5*z = -0*q + 20, q + 3*z = o. Let s(u) = 2*u + 4. Calculate s(q).
-12
Let h(n) be the first derivative of -2*n**3/3 + 9*n**2 - 20*n - 13734. Determine h(9).
-20
Let p(g) = -11*g + 65. Let r be (-8)/(-3)*(-4 + (-150)/(-24)). Determine p(r).
-1
Let p(n) = 70*n**2 - 7*n + 5. Let q(f) = 193*f**2 - 15*f + 15. Let r(w) = -11*p(w) + 4*q(w). What is r(-5)?
-30
Let n(h) = -3*h**2 + h - 1. Let b(c) = c**3 + 7*c**2 + 6*c + 4. Let k be b(-5). Let w be 3 - (k/(-4) - (-3 + 4)). Suppose -11*v = -6*v + w. Give n(v).
-15
Let t(o) = -9*o - 2. Let q = 75 - 66. Let m(p) = -17*p - 5. Let u(g) = q*t(g) - 4*m(g). Calculate u(2).
-24
Let d = -19225 + 19232. Let n(f) = -f**3 + 9*f**2 - 13*f - 4. Give n(d).
3
Let t(v) = -5*v + 5. Let n(i) = i**2 - 14*i - 75. Let p be n(18). Let f(z) = 2*z + 1. Let l(y) = p*f(y) - t(y). Calculate l(-7).
-1
Let d be (1/4 + (-130)/104)*-3. Let h(i) = 232 - 21*i**2 - 440 - i**d + 207. Determine h(-21).
-1
Let j(s) = 20*s**3 - 3*s**2 - 2*s. Let g = 2691 + -2692. Give j(g).
-21
Let z(l) be the second derivative of 0 - 1/2*l**3 + 1/2*l**2 - 1/20*l**5 + 1/12*l**4 - 7*l. Let g be 3/((-22)/(-4) + -4). Give z(g).
-9
Let x(m) = -3*m**3 + 21*m**2 - 99*m + 488. Let c be x(6). Let n(p) = p**2 + p + 1. Let z(h) = -2*h**3 - 3*h - 5. Let u(o) = -3*n(o) - z(o). Give u(c).
6
Let d(f) be the third derivative of -f**6/120 + f**5/10 - f**4/6 - f**3 - 949*f**2. Calculate d(3).
9
Let h(a) = -a**3 + 17*a**2 - 15*a + 37. Let y be h(16). Suppose -y*g + 198 = -31*g. Let w(u) = u**3 - 10*u**2 + 11*u - 17. Determine w(g).
1
Let a(v) = 2*v**2 + 4*v - 19. Let i be (-10)/20 - (-7)/(-2). Calculate a(i).
-3
Let j(o) be the first derivative of 1/6*o**3 - 18*o**2 - 1/120*o**6 - 1/24*o**4 - 12 - 1/20*o**5 + 0*o. Let b(d) be the second deri